36). Let p = x + 401. What are the prime factors of p?
3, 5, 13
Let u(p) = 5*p**3 - 19*p**2 + p + 145. List the prime factors of u(13).
2, 3, 661
Let j = 139 - -229. Let o be j/3 - (-11)/33. Suppose 8*h - 11*h = -o. What are the prime factors of h?
41
Let a(l) = -4*l**3 - 31*l**2 - 5*l + 5. Let h be a(-9). Let z = h + -245. List the prime factors of z.
2, 3, 5, 7
Let g be (4508/70)/(2/20). Suppose 0 = 7*d - 273 - g. What are the prime factors of d?
131
Let a(i) be the third derivative of 1/6*i**3 + 0 + 5/24*i**4 + 0*i + 21*i**2. List the prime factors of a(2).
11
Suppose r + 9 = 3*z, -4*r + 2*r + 3*z - 6 = 0. Suppose r*o - 168 = -0*o. Let x = 87 - o. What are the prime factors of x?
31
Let f be 15/35 - (-36)/14. Suppose f*y - 18 = -18. Suppose 0 = -4*x - 2*g + 7*g + 527, y = -g + 1. What are the prime factors of x?
7, 19
Suppose 18 - 11 = -j. Let b(o) = 11*o**2 - 3*o - 15. List the prime factors of b(j).
5, 109
Let x be (6/12)/((-3)/(-36)). Let w be (2/x)/((-8)/(-6) + -1). List the prime factors of 1 + w - (-805)/5.
163
Let u be -542*3/(-78) - (-8)/52. Let t = u - 11. List the prime factors of ((-8)/t)/2*-50.
2, 5
Suppose -31*x = -21*x - 63100. Suppose -x = -14*a + 4*a. What are the prime factors of a?
631
Let s = -93 + 177. Let a = -42 + s. Let h = 10 + a. What are the prime factors of h?
2, 13
Let q(g) = 2*g**3 - 12*g**3 + 14 - 3*g - 10*g**2 + 9*g**3. Suppose -i = -4, 5*i - 6 = -r + i. List the prime factors of q(r).
2, 11
Let c be (399/(-76))/((-3)/8). Let a(t) = -t**2 + 15*t - 10. Let r be a(c). Let f(z) = 4*z**2 - 3*z + 4. List the prime factors of f(r).
2, 7
Suppose 0 = 3*u - v - 8010, -14*v + 5374 = 2*u - 9*v. What are the prime factors of u?
2, 167
Suppose -2*v - 471 = -135*z + 134*z, 5*v = -z + 492. List the prime factors of z.
3, 53
Let p = 6025 + -2109. Suppose -2*a + 2604 = 2*c, -3*a + 2*c + 0*c = -p. What are the prime factors of a?
2, 163
Suppose f = -4*d + 163686 - 5163, -d = -3*f - 39608. What are the prime factors of d?
23, 1723
Let g(l) = -l**3 + 8*l**2 - 5*l - 8. Let r be g(7). Let u(j) = 16*j**2 + 4*j. What are the prime factors of u(r)?
2, 3, 5
Let z(h) = -68*h**2 - 2*h + 10. Let t(n) = -68*n**2 - 2*n + 12. Let p(q) = 5*t(q) - 6*z(q). What are the prime factors of p(-2)?
2, 67
Suppose 2589294 + 3627683 = 327*g + 1149131. What are the prime factors of g?
2, 3, 7, 41
Let s(g) = 14*g**3 - 8*g**2 - 3*g + 17. Let w(i) = -7*i**3 + 4*i**2 + i - 9. Let a(n) = 4*s(n) + 9*w(n). What are the prime factors of a(-3)?
13, 17
Let j be (-100)/40*8/(-10). Suppose -j*d + 26*k - 23*k + 3432 = 0, -d = 2*k - 1716. What are the prime factors of d?
2, 3, 11, 13
Suppose 0 = -4*a - 218*u + 219*u + 51395, -a + 5*u + 12863 = 0. What are the prime factors of a?
2, 11, 73
Let s = 34827 + -21212. List the prime factors of s.
5, 7, 389
Let t(j) = -j**3 + 38*j**2 + 61*j + 187. What are the prime factors of t(34)?
3, 5, 17
Suppose -33007 = -4*i + 5*k, 0 = -4*i + 54*k - 56*k + 32986. What are the prime factors of i?
2, 1031
What are the prime factors of 3446 - (16/(-12)*(-27)/6 - 4)?
2, 3, 7, 41
Let c(y) = -y**3 - 9*y**2 - 2*y - 15. Let o be (4 + (-13)/4)*-12. Let k be c(o). List the prime factors of (1/2)/(543/180 - k).
2, 3, 5
Let x = 47870 + -23837. List the prime factors of x.
3, 8011
Let c(y) = -286*y + 11425. List the prime factors of c(11).
17, 487
Let b(g) be the third derivative of -g**6/60 - 7*g**5/20 + g**4/12 + 7*g**3/6 - 2*g**2 - 2*g. List the prime factors of b(-11).
2, 53
Let n(k) = -17*k + 1. Let g(h) = -2. Let a(v) = -4*g(v) + n(v). List the prime factors of a(-15).
2, 3, 11
Let p = -237 - -165. Let v = 74 + p. Suppose -5*x = v*w - 507, -5*x + 509 = 7*w - 3*w. What are the prime factors of x?
101
Let n(q) = 3*q**3 + 25*q**2 + 3*q - 17. Let u(f) = 4*f**3 + 26*f**2 + 2*f - 17. Let a(g) = 5*n(g) - 4*u(g). What are the prime factors of a(20)?
523
List the prime factors of ((-6)/(-5))/((-6)/(-4) - 48978/32655).
2, 7, 311
Suppose -2*q = -d - 165, 2*d + 162 = 2*q - 0*d. Suppose -83*h = -q*h + 70. List the prime factors of h.
2, 5, 7
Suppose -11*b - 55*b + 3911566 = 1056604. What are the prime factors of b?
3, 14419
Let w be 11 - (0 + 0 + (2 - 3)). Suppose 2*x - 9 = -4*g + 9, -3*g - x = -w. Suppose g*f + 2*v - 239 = 0, -6*f = -f + v - 410. List the prime factors of f.
83
Suppose -15*x - 99899 = -300914. What are the prime factors of x?
3, 1489
Suppose 3*u - 370 = -286. List the prime factors of -1 + ((-2922)/(-7) - 12/u).
2, 13
Let j = -128 + 187. Suppose 0 = 5*x, -4*m = 5*x - 3*x - 68. Let f = j - m. What are the prime factors of f?
2, 3, 7
Let l = 0 - -9. Suppose l*k - 16 = 7*k. Suppose -k*s + 11*s = 330. What are the prime factors of s?
2, 5, 11
Suppose 10*m = 14*m + 12. Let c be 78/((3/6)/(m/(-9))). Suppose -v + c = 3. List the prime factors of v.
7
Let x(o) = o**3 + 84*o**2 + 115*o - 241. What are the prime factors of x(-54)?
13, 23, 271
Suppose s + 3*l - 18 = 3, -2*s + 10 = -2*l. Suppose 4*x + 20 = -0. Let i = s + x. List the prime factors of i.
2
Let f(u) = -113*u + 9. Suppose -i + 7 = -3*s, -4*i = 3*s + 11 - 24. What are the prime factors of f(s)?
2, 61
Let y(h) = -h**3 + 9*h**2 + 993. Let b be y(0). Suppose -2831 = -g - b. List the prime factors of g.
2, 919
Suppose 21*h - 24*h - 4*u + 13198 = 0, 3*h - 13199 = -5*u. What are the prime factors of h?
2, 3, 733
What are the prime factors of 939114/(-153)*((-34)/10 + 2/5)?
2, 3, 11, 31
Let c be (-36)/(-10)*(-6 - (-1108)/8). Let x = c + -309. List the prime factors of x.
2, 3, 7
Let w(p) = 17*p**2 - 29*p - 130. List the prime factors of w(-20).
2, 5, 29
Let s(u) = -u**3 + 15*u**2 + 132*u + 334. List the prime factors of s(-27).
2, 41, 167
Let u(a) = a**3 - 90*a**2 + 136*a + 6. List the prime factors of u(89).
59, 71
Let o(p) = -10*p - 26. Let s be o(-3). Suppose s*j - 4*z = -80 + 1500, -2*j + 726 = 2*z. What are the prime factors of j?
359
Suppose -47*o - 414395 = -1782189. List the prime factors of o.
2, 14551
Suppose -5*w = 15, -w + 0 = 4*o - 5. Suppose 0 = 2*k - 4*x - 4, -3*k + x - o*x = 1. Let u(v) = -3*v**2 - 2*v + 268. What are the prime factors of u(k)?
2, 67
Suppose 268*d = 2*h + 263*d - 4, -3*d = 2*h - 20. Let o = 125 + 53. Suppose h*q - o = -17. What are the prime factors of q?
23
Suppose 2*n + 4*r - 2330 = 0, -4*n + r = -0*r - 4651. Suppose 40 = 3*s - n. List the prime factors of s.
401
Let b be 28/(-21)*9/(-3). Suppose 2*j + 5*h = 4*j + 9, 4*j = -b*h + 24. Suppose j*w = 12, -5*a - w = w - 713. What are the prime factors of a?
3, 47
Let r = -801 - -801. Suppose 28*l - 70041 + 22581 = r. List the prime factors of l.
3, 5, 113
Let b = 421 + -44. Let x = -322 + b. List the prime factors of x.
5, 11
Suppose -883158 = -176*i - 150*i - 289186. List the prime factors of i.
2, 911
Let v(k) = 5*k - 2*k + 0*k - 4*k. Let p(d) = 28*d - 8. Let a(r) = -p(r) - 6*v(r). List the prime factors of a(-5).
2, 59
Let q(r) = 10*r**2 + 62*r + 18. What are the prime factors of q(-27)?
2, 3, 313
Let k(c) = -23 + c - 25 + 41. Let n be k(7). Suppose n = 5*s - 239 - 281. What are the prime factors of s?
2, 13
Let j(t) = 3*t**2 - 17*t + 26. Suppose -21 = -6*a + 3. Let z be (-40)/(-4) - a/(2 - 6). List the prime factors of j(z).
2, 101
Let b = 122 - 131. Let p be b/((-315)/7049) + 4/(-10). Let y = 393 - p. List the prime factors of y.
2, 3
Let c(x) = x**3 + 3*x**2 - 3*x + 3. Let p be c(-3). Suppose -p*t - 9063 = -9*t. List the prime factors of (-4)/6*t/38.
53
Suppose 115*c = 53*c + 1208960 + 1050444. List the prime factors of c.
2, 7, 19, 137
Let x = -712 - -724. Suppose x*f = 17*f - t - 2832, 0 = 2*t - 6. List the prime factors of f.
3, 7
Suppose 4*n + 14 = 5*y, -n - 2 = -1. Suppose -y*p = -7 - 9. List the prime factors of (-4)/p*-2*90.
2, 3, 5
Let d(y) = -2*y**3 + 119*y**2 - 39*y + 60. Let l be d(58). Suppose l = 5*n + 5*o, 23*n - 26*n + 4754 = -2*o. List the prime factors of n.
2, 7, 113
Let g(w) = -6*w - 18. Let z(q) = 1. Let a(c) = -2*g(c) - 42*z(c). Let m = 317 - 310. What are the prime factors of a(m)?
2, 3, 13
Let a(n) = n - 5. Let l be a(8). Suppose -l*o + 913 = 3*c + 2*o, 0 = 4*o + 4. Let k = c - 150. What are the prime factors of k?
2, 3, 13
Suppose 3*u + 1533 = 3*a, 3*a - 304 = 2*u + 714. Let j = u + 1901. List the prime factors of j.
2, 3, 7, 11
Suppose 0 = -37*p + 19*p + 65502. Let n = p - 2442